{"id":82,"date":"2013-11-28T11:47:12","date_gmt":"2013-11-28T10:47:12","guid":{"rendered":"http:\/\/www.audrey-gerber.com\/?page_id=82"},"modified":"2015-01-02T16:40:31","modified_gmt":"2015-01-02T15:40:31","slug":"sculpture","status":"publish","type":"page","link":"https:\/\/www.audrey-gerber.com\/?page_id=82","title":{"rendered":"sculpture"},"content":{"rendered":"<p style=\"text-align: center;\"><!-- index.php -->\n<div\n\tclass=\"ngg-galleryoverview ngg-ajax-pagination-none\"\n\tid=\"ngg-gallery-1746-1\">\n\n    \t\t<!-- Thumbnails -->\n\t\t\t\t<div id=\"ngg-image-0\" class=\"ngg-gallery-thumbnail-box\" >\n\t\t\t\t        <div class=\"ngg-gallery-thumbnail\">\n            <a href=\"https:\/\/www.audrey-gerber.com\/wp-content\/gallery\/sculptures\/dsc_0007ok_400px.jpg\"\n               title=\"\"\n               data-src=\"https:\/\/www.audrey-gerber.com\/wp-content\/gallery\/sculptures\/dsc_0007ok_400px.jpg\"\n               data-thumbnail=\"https:\/\/www.audrey-gerber.com\/wp-content\/gallery\/sculptures\/thumbs\/thumbs_dsc_0007ok_400px.jpg\"\n               data-image-id=\"917\"\n               data-title=\"dsc_0007ok_400px\"\n               data-description=\"\"\n               data-image-slug=\"dsc_0007ok_400px\"\n               class=\"ngg-simplelightbox\" rel=\"1746\">\n                <img\n                    title=\"dsc_0007ok_400px\"\n                    alt=\"dsc_0007ok_400px\"\n                    src=\"https:\/\/www.audrey-gerber.com\/wp-content\/gallery\/sculptures\/thumbs\/thumbs_dsc_0007ok_400px.jpg\"\n                    width=\"150\"\n                    height=\"150\"\n                    style=\"max-width:100%;\"\n                \/>\n            <\/a>\n        <\/div>\n\t\t\t\t\t\t\t<\/div> \n\t\t\t\n        \n\t\t\t\t<div id=\"ngg-image-1\" class=\"ngg-gallery-thumbnail-box\" >\n\t\t\t\t        <div class=\"ngg-gallery-thumbnail\">\n            <a href=\"https:\/\/www.audrey-gerber.com\/wp-content\/gallery\/sculptures\/dsc_0009ok_400px.jpg\"\n               title=\"\"\n               data-src=\"https:\/\/www.audrey-gerber.com\/wp-content\/gallery\/sculptures\/dsc_0009ok_400px.jpg\"\n               data-thumbnail=\"https:\/\/www.audrey-gerber.com\/wp-content\/gallery\/sculptures\/thumbs\/thumbs_dsc_0009ok_400px.jpg\"\n               data-image-id=\"918\"\n               data-title=\"dsc_0009ok_400px\"\n               data-description=\"\"\n               data-image-slug=\"dsc_0009ok_400px\"\n               class=\"ngg-simplelightbox\" rel=\"1746\">\n                <img\n                    title=\"dsc_0009ok_400px\"\n                    alt=\"dsc_0009ok_400px\"\n                    src=\"https:\/\/www.audrey-gerber.com\/wp-content\/gallery\/sculptures\/thumbs\/thumbs_dsc_0009ok_400px.jpg\"\n                    width=\"150\"\n                    height=\"150\"\n                    style=\"max-width:100%;\"\n                \/>\n            <\/a>\n        <\/div>\n\t\t\t\t\t\t\t<\/div> \n\t\t\t\n        \n\t\t\t\t<div id=\"ngg-image-2\" class=\"ngg-gallery-thumbnail-box\" >\n\t\t\t\t        <div class=\"ngg-gallery-thumbnail\">\n            <a href=\"https:\/\/www.audrey-gerber.com\/wp-content\/gallery\/sculptures\/dsc_0010ok_400px.jpg\"\n               title=\"\"\n               data-src=\"https:\/\/www.audrey-gerber.com\/wp-content\/gallery\/sculptures\/dsc_0010ok_400px.jpg\"\n               data-thumbnail=\"https:\/\/www.audrey-gerber.com\/wp-content\/gallery\/sculptures\/thumbs\/thumbs_dsc_0010ok_400px.jpg\"\n               data-image-id=\"919\"\n               data-title=\"dsc_0010ok_400px\"\n               data-description=\"\"\n               data-image-slug=\"dsc_0010ok_400px\"\n               class=\"ngg-simplelightbox\" rel=\"1746\">\n                <img\n                    title=\"dsc_0010ok_400px\"\n                    alt=\"dsc_0010ok_400px\"\n                    src=\"https:\/\/www.audrey-gerber.com\/wp-content\/gallery\/sculptures\/thumbs\/thumbs_dsc_0010ok_400px.jpg\"\n                    width=\"150\"\n                    height=\"150\"\n                    style=\"max-width:100%;\"\n                \/>\n            <\/a>\n        <\/div>\n\t\t\t\t\t\t\t<\/div> \n\t\t\t\n        \n\t\t\t\t<div id=\"ngg-image-3\" class=\"ngg-gallery-thumbnail-box\" >\n\t\t\t\t        <div class=\"ngg-gallery-thumbnail\">\n            <a href=\"https:\/\/www.audrey-gerber.com\/wp-content\/gallery\/sculptures\/dsc_0014ok_400px.jpg\"\n               title=\"\"\n               data-src=\"https:\/\/www.audrey-gerber.com\/wp-content\/gallery\/sculptures\/dsc_0014ok_400px.jpg\"\n               data-thumbnail=\"https:\/\/www.audrey-gerber.com\/wp-content\/gallery\/sculptures\/thumbs\/thumbs_dsc_0014ok_400px.jpg\"\n               data-image-id=\"920\"\n               data-title=\"dsc_0014ok_400px\"\n               data-description=\"\"\n               data-image-slug=\"dsc_0014ok_400px\"\n               class=\"ngg-simplelightbox\" rel=\"1746\">\n                <img\n                    title=\"dsc_0014ok_400px\"\n                    alt=\"dsc_0014ok_400px\"\n                    src=\"https:\/\/www.audrey-gerber.com\/wp-content\/gallery\/sculptures\/thumbs\/thumbs_dsc_0014ok_400px.jpg\"\n                    width=\"150\"\n                    height=\"150\"\n                    style=\"max-width:100%;\"\n                \/>\n            <\/a>\n        <\/div>\n\t\t\t\t\t\t\t<\/div> \n\t\t\t\n        \n\t\t\t\t<div id=\"ngg-image-4\" class=\"ngg-gallery-thumbnail-box\" >\n\t\t\t\t        <div class=\"ngg-gallery-thumbnail\">\n            <a href=\"https:\/\/www.audrey-gerber.com\/wp-content\/gallery\/sculptures\/dsc_0020bok_400px.jpg\"\n               title=\"\"\n               data-src=\"https:\/\/www.audrey-gerber.com\/wp-content\/gallery\/sculptures\/dsc_0020bok_400px.jpg\"\n               data-thumbnail=\"https:\/\/www.audrey-gerber.com\/wp-content\/gallery\/sculptures\/thumbs\/thumbs_dsc_0020bok_400px.jpg\"\n               data-image-id=\"921\"\n               data-title=\"dsc_0020bok_400px\"\n               data-description=\"\"\n               data-image-slug=\"dsc_0020bok_400px\"\n               class=\"ngg-simplelightbox\" rel=\"1746\">\n                <img\n                    title=\"dsc_0020bok_400px\"\n                    alt=\"dsc_0020bok_400px\"\n                    src=\"https:\/\/www.audrey-gerber.com\/wp-content\/gallery\/sculptures\/thumbs\/thumbs_dsc_0020bok_400px.jpg\"\n                    width=\"150\"\n                    height=\"150\"\n                    style=\"max-width:100%;\"\n                \/>\n            <\/a>\n        <\/div>\n\t\t\t\t\t\t\t<\/div> \n\t\t\t\n        \n\t\t\t\t<div id=\"ngg-image-5\" class=\"ngg-gallery-thumbnail-box\" >\n\t\t\t\t        <div class=\"ngg-gallery-thumbnail\">\n            <a href=\"https:\/\/www.audrey-gerber.com\/wp-content\/gallery\/sculptures\/dsc_0124ok_400px.jpg\"\n               title=\"\"\n               data-src=\"https:\/\/www.audrey-gerber.com\/wp-content\/gallery\/sculptures\/dsc_0124ok_400px.jpg\"\n               data-thumbnail=\"https:\/\/www.audrey-gerber.com\/wp-content\/gallery\/sculptures\/thumbs\/thumbs_dsc_0124ok_400px.jpg\"\n               data-image-id=\"922\"\n               data-title=\"dsc_0124ok_400px\"\n               data-description=\"\"\n               data-image-slug=\"dsc_0124ok_400px\"\n               class=\"ngg-simplelightbox\" rel=\"1746\">\n                <img\n                    title=\"dsc_0124ok_400px\"\n                    alt=\"dsc_0124ok_400px\"\n                    src=\"https:\/\/www.audrey-gerber.com\/wp-content\/gallery\/sculptures\/thumbs\/thumbs_dsc_0124ok_400px.jpg\"\n                    width=\"150\"\n                    height=\"150\"\n                    style=\"max-width:100%;\"\n                \/>\n            <\/a>\n        <\/div>\n\t\t\t\t\t\t\t<\/div> \n\t\t\t\n        \n\t\t\t\t<div id=\"ngg-image-6\" class=\"ngg-gallery-thumbnail-box\" >\n\t\t\t\t        <div class=\"ngg-gallery-thumbnail\">\n            <a href=\"https:\/\/www.audrey-gerber.com\/wp-content\/gallery\/sculptures\/dsc_0056ok_400px.jpg\"\n               title=\"\"\n               data-src=\"https:\/\/www.audrey-gerber.com\/wp-content\/gallery\/sculptures\/dsc_0056ok_400px.jpg\"\n               data-thumbnail=\"https:\/\/www.audrey-gerber.com\/wp-content\/gallery\/sculptures\/thumbs\/thumbs_dsc_0056ok_400px.jpg\"\n               data-image-id=\"923\"\n               data-title=\"dsc_0056ok_400px\"\n               data-description=\"\"\n               data-image-slug=\"dsc_0056ok_400px\"\n               class=\"ngg-simplelightbox\" rel=\"1746\">\n                <img\n                    title=\"dsc_0056ok_400px\"\n                    alt=\"dsc_0056ok_400px\"\n                    src=\"https:\/\/www.audrey-gerber.com\/wp-content\/gallery\/sculptures\/thumbs\/thumbs_dsc_0056ok_400px.jpg\"\n                    width=\"150\"\n                    height=\"150\"\n                    style=\"max-width:100%;\"\n                \/>\n            <\/a>\n        <\/div>\n\t\t\t\t\t\t\t<\/div> \n\t\t\t\n        \n\t\t\t\t<div id=\"ngg-image-7\" class=\"ngg-gallery-thumbnail-box\" >\n\t\t\t\t        <div class=\"ngg-gallery-thumbnail\">\n            <a href=\"https:\/\/www.audrey-gerber.com\/wp-content\/gallery\/sculptures\/dsc_0121ok_400px.jpg\"\n               title=\"\"\n               data-src=\"https:\/\/www.audrey-gerber.com\/wp-content\/gallery\/sculptures\/dsc_0121ok_400px.jpg\"\n               data-thumbnail=\"https:\/\/www.audrey-gerber.com\/wp-content\/gallery\/sculptures\/thumbs\/thumbs_dsc_0121ok_400px.jpg\"\n               data-image-id=\"924\"\n               data-title=\"dsc_0121ok_400px\"\n               data-description=\"\"\n               data-image-slug=\"dsc_0121ok_400px\"\n               class=\"ngg-simplelightbox\" rel=\"1746\">\n                <img\n                    title=\"dsc_0121ok_400px\"\n                    alt=\"dsc_0121ok_400px\"\n                    src=\"https:\/\/www.audrey-gerber.com\/wp-content\/gallery\/sculptures\/thumbs\/thumbs_dsc_0121ok_400px.jpg\"\n                    width=\"150\"\n                    height=\"150\"\n                    style=\"max-width:100%;\"\n                \/>\n            <\/a>\n        <\/div>\n\t\t\t\t\t\t\t<\/div> \n\t\t\t\n        \n\t\t\t\t<div id=\"ngg-image-8\" class=\"ngg-gallery-thumbnail-box\" >\n\t\t\t\t        <div class=\"ngg-gallery-thumbnail\">\n            <a href=\"https:\/\/www.audrey-gerber.com\/wp-content\/gallery\/sculptures\/dsc_0050ok_400px.jpg\"\n               title=\"\"\n               data-src=\"https:\/\/www.audrey-gerber.com\/wp-content\/gallery\/sculptures\/dsc_0050ok_400px.jpg\"\n               data-thumbnail=\"https:\/\/www.audrey-gerber.com\/wp-content\/gallery\/sculptures\/thumbs\/thumbs_dsc_0050ok_400px.jpg\"\n               data-image-id=\"925\"\n               data-title=\"dsc_0050ok_400px\"\n               data-description=\"\"\n               data-image-slug=\"dsc_0050ok_400px\"\n               class=\"ngg-simplelightbox\" rel=\"1746\">\n                <img\n                    title=\"dsc_0050ok_400px\"\n                    alt=\"dsc_0050ok_400px\"\n                    src=\"https:\/\/www.audrey-gerber.com\/wp-content\/gallery\/sculptures\/thumbs\/thumbs_dsc_0050ok_400px.jpg\"\n                    width=\"150\"\n                    height=\"150\"\n                    style=\"max-width:100%;\"\n                \/>\n            <\/a>\n        <\/div>\n\t\t\t\t\t\t\t<\/div> \n\t\t\t\n        \n\t\t\t\t<div id=\"ngg-image-9\" class=\"ngg-gallery-thumbnail-box\" >\n\t\t\t\t        <div class=\"ngg-gallery-thumbnail\">\n            <a href=\"https:\/\/www.audrey-gerber.com\/wp-content\/gallery\/sculptures\/dsc_0070ok_400px.jpg\"\n               title=\"\"\n               data-src=\"https:\/\/www.audrey-gerber.com\/wp-content\/gallery\/sculptures\/dsc_0070ok_400px.jpg\"\n               data-thumbnail=\"https:\/\/www.audrey-gerber.com\/wp-content\/gallery\/sculptures\/thumbs\/thumbs_dsc_0070ok_400px.jpg\"\n               data-image-id=\"926\"\n               data-title=\"dsc_0070ok_400px\"\n               data-description=\"\"\n               data-image-slug=\"dsc_0070ok_400px\"\n               class=\"ngg-simplelightbox\" rel=\"1746\">\n                <img\n                    title=\"dsc_0070ok_400px\"\n                    alt=\"dsc_0070ok_400px\"\n                    src=\"https:\/\/www.audrey-gerber.com\/wp-content\/gallery\/sculptures\/thumbs\/thumbs_dsc_0070ok_400px.jpg\"\n                    width=\"150\"\n                    height=\"150\"\n                    style=\"max-width:100%;\"\n                \/>\n            <\/a>\n        <\/div>\n\t\t\t\t\t\t\t<\/div> \n\t\t\t\n        \n\t\t\t\t<div id=\"ngg-image-10\" class=\"ngg-gallery-thumbnail-box\" >\n\t\t\t\t        <div class=\"ngg-gallery-thumbnail\">\n            <a href=\"https:\/\/www.audrey-gerber.com\/wp-content\/gallery\/sculptures\/dsc_0019ok_400px.jpg\"\n               title=\"\"\n               data-src=\"https:\/\/www.audrey-gerber.com\/wp-content\/gallery\/sculptures\/dsc_0019ok_400px.jpg\"\n               data-thumbnail=\"https:\/\/www.audrey-gerber.com\/wp-content\/gallery\/sculptures\/thumbs\/thumbs_dsc_0019ok_400px.jpg\"\n               data-image-id=\"927\"\n               data-title=\"dsc_0019ok_400px\"\n               data-description=\"\"\n               data-image-slug=\"dsc_0019ok_400px\"\n               class=\"ngg-simplelightbox\" rel=\"1746\">\n                <img\n                    title=\"dsc_0019ok_400px\"\n                    alt=\"dsc_0019ok_400px\"\n                    src=\"https:\/\/www.audrey-gerber.com\/wp-content\/gallery\/sculptures\/thumbs\/thumbs_dsc_0019ok_400px.jpg\"\n                    width=\"150\"\n                    height=\"150\"\n                    style=\"max-width:100%;\"\n                \/>\n            <\/a>\n        <\/div>\n\t\t\t\t\t\t\t<\/div> \n\t\t\t\n        \n\t\t\t\t<div id=\"ngg-image-11\" class=\"ngg-gallery-thumbnail-box\" >\n\t\t\t\t        <div class=\"ngg-gallery-thumbnail\">\n            <a href=\"https:\/\/www.audrey-gerber.com\/wp-content\/gallery\/sculptures\/dsc_0021ok_400px.jpg\"\n               title=\"\"\n               data-src=\"https:\/\/www.audrey-gerber.com\/wp-content\/gallery\/sculptures\/dsc_0021ok_400px.jpg\"\n               data-thumbnail=\"https:\/\/www.audrey-gerber.com\/wp-content\/gallery\/sculptures\/thumbs\/thumbs_dsc_0021ok_400px.jpg\"\n               data-image-id=\"928\"\n               data-title=\"dsc_0021ok_400px\"\n               data-description=\"\"\n               data-image-slug=\"dsc_0021ok_400px\"\n               class=\"ngg-simplelightbox\" rel=\"1746\">\n                <img\n                    title=\"dsc_0021ok_400px\"\n                    alt=\"dsc_0021ok_400px\"\n                    src=\"https:\/\/www.audrey-gerber.com\/wp-content\/gallery\/sculptures\/thumbs\/thumbs_dsc_0021ok_400px.jpg\"\n                    width=\"150\"\n                    height=\"150\"\n                    style=\"max-width:100%;\"\n                \/>\n            <\/a>\n        <\/div>\n\t\t\t\t\t\t\t<\/div> \n\t\t\t\n        \n\t\t\t\t<div id=\"ngg-image-12\" class=\"ngg-gallery-thumbnail-box\" >\n\t\t\t\t        <div class=\"ngg-gallery-thumbnail\">\n            <a href=\"https:\/\/www.audrey-gerber.com\/wp-content\/gallery\/sculptures\/dsc_0134ok_400px.jpg\"\n               title=\"\"\n               data-src=\"https:\/\/www.audrey-gerber.com\/wp-content\/gallery\/sculptures\/dsc_0134ok_400px.jpg\"\n               data-thumbnail=\"https:\/\/www.audrey-gerber.com\/wp-content\/gallery\/sculptures\/thumbs\/thumbs_dsc_0134ok_400px.jpg\"\n               data-image-id=\"929\"\n               data-title=\"dsc_0134ok_400px\"\n               data-description=\"\"\n               data-image-slug=\"dsc_0134ok_400px\"\n               class=\"ngg-simplelightbox\" rel=\"1746\">\n                <img\n                    title=\"dsc_0134ok_400px\"\n                    alt=\"dsc_0134ok_400px\"\n                    src=\"https:\/\/www.audrey-gerber.com\/wp-content\/gallery\/sculptures\/thumbs\/thumbs_dsc_0134ok_400px.jpg\"\n                    width=\"150\"\n                    height=\"150\"\n                    style=\"max-width:100%;\"\n                \/>\n            <\/a>\n        <\/div>\n\t\t\t\t\t\t\t<\/div> \n\t\t\t\n        \n\t\t\n\t\t<!-- Pagination -->\n\t<div class='ngg-clear'><\/div>\t<\/div>\n<\/p>\n<p style=\"text-align: center;\">\n<p style=\"text-align: center;\">Taille: 10-15 cm. Mati\u00e8re: terre cuite \u00e9maill\u00e9e.<br \/>\nSi une pi\u00e8ce vous int\u00e9resse, n&rsquo;h\u00e9sitez pas \u00e0 me contacter via la rubrique contact.<\/p>\n<p style=\"text-align: center;\">\n","protected":false},"excerpt":{"rendered":"<p>Taille: 10-15 cm. Mati\u00e8re: terre cuite \u00e9maill\u00e9e. Si une pi\u00e8ce vous int\u00e9resse, n&rsquo;h\u00e9sitez pas \u00e0 me contacter via la rubrique contact.<\/p>\n","protected":false},"author":2,"featured_media":0,"parent":0,"menu_order":0,"comment_status":"closed","ping_status":"closed","template":"template-full.php","meta":{"ngg_post_thumbnail":0},"_links":{"self":[{"href":"https:\/\/www.audrey-gerber.com\/index.php?rest_route=\/wp\/v2\/pages\/82"}],"collection":[{"href":"https:\/\/www.audrey-gerber.com\/index.php?rest_route=\/wp\/v2\/pages"}],"about":[{"href":"https:\/\/www.audrey-gerber.com\/index.php?rest_route=\/wp\/v2\/types\/page"}],"author":[{"embeddable":true,"href":"https:\/\/www.audrey-gerber.com\/index.php?rest_route=\/wp\/v2\/users\/2"}],"replies":[{"embeddable":true,"href":"https:\/\/www.audrey-gerber.com\/index.php?rest_route=%2Fwp%2Fv2%2Fcomments&post=82"}],"version-history":[{"count":15,"href":"https:\/\/www.audrey-gerber.com\/index.php?rest_route=\/wp\/v2\/pages\/82\/revisions"}],"predecessor-version":[{"id":2056,"href":"https:\/\/www.audrey-gerber.com\/index.php?rest_route=\/wp\/v2\/pages\/82\/revisions\/2056"}],"wp:attachment":[{"href":"https:\/\/www.audrey-gerber.com\/index.php?rest_route=%2Fwp%2Fv2%2Fmedia&parent=82"}],"curies":[{"name":"wp","href":"https:\/\/api.w.org\/{rel}","templated":true}]}}